{"id":66,"date":"2014-11-28T14:38:18","date_gmt":"2014-11-28T12:38:18","guid":{"rendered":"http:\/\/www.angerinitiative.de\/?page_id=66"},"modified":"2021-06-09T11:44:03","modified_gmt":"2021-06-09T10:44:03","slug":"downloads","status":"publish","type":"page","link":"https:\/\/www.angerinitiative.de\/?page_id=66","title":{"rendered":"Downloads"},"content":{"rendered":"<p>&nbsp;<\/p>\n<p>Konzeption und Flyer:<\/p>\n<ul style=\"list-style-type: square;\">\n<li><a href=\"http:\/\/www.bdja.org\/files\/rahmenkonzeption_korrigiert.pdf\">Rahmenkonzeption f\u00fcr p\u00e4dagogisch betreute Spielpl\u00e4tze<\/a> (Bund der Jugendfarmen und Aktivspielpl\u00e4tze e.V.)<\/li>\n<li><a href=\"http:\/\/www.angerinitiative.de\/wp-content\/uploads\/2019\/10\/ASP_FLYER_A.pdf\">Abenteuerspielplatz_FLYER_Seite 1<\/a><\/li>\n<li><a href=\"http:\/\/www.angerinitiative.de\/wp-content\/uploads\/2019\/10\/ASP_FLYER_B.pdf\">Abenteuerspielplatz_FLYER_Seite 2<\/a><\/li>\n<\/ul>\n","protected":false},"excerpt":{"rendered":"<p>&nbsp; Konzeption und Flyer: Rahmenkonzeption f\u00fcr p\u00e4dagogisch betreute Spielpl\u00e4tze (Bund der Jugendfarmen und Aktivspielpl\u00e4tze e.V.) Abenteuerspielplatz_FLYER_Seite 1 Abenteuerspielplatz_FLYER_Seite 2<\/p>\n","protected":false},"author":1,"featured_media":0,"parent":188,"menu_order":8,"comment_status":"open","ping_status":"closed","template":"","meta":{"footnotes":""},"class_list":["post-66","page","type-page","status-publish","czr-hentry"],"_links":{"self":[{"href":"https:\/\/www.angerinitiative.de\/index.php?rest_route=\/wp\/v2\/pages\/66","targetHints":{"allow":["GET"]}}],"collection":[{"href":"https:\/\/www.angerinitiative.de\/index.php?rest_route=\/wp\/v2\/pages"}],"about":[{"href":"https:\/\/www.angerinitiative.de\/index.php?rest_route=\/wp\/v2\/types\/page"}],"author":[{"embeddable":true,"href":"https:\/\/www.angerinitiative.de\/index.php?rest_route=\/wp\/v2\/users\/1"}],"replies":[{"embeddable":true,"href":"https:\/\/www.angerinitiative.de\/index.php?rest_route=%2Fwp%2Fv2%2Fcomments&post=66"}],"version-history":[{"count":13,"href":"https:\/\/www.angerinitiative.de\/index.php?rest_route=\/wp\/v2\/pages\/66\/revisions"}],"predecessor-version":[{"id":2287,"href":"https:\/\/www.angerinitiative.de\/index.php?rest_route=\/wp\/v2\/pages\/66\/revisions\/2287"}],"up":[{"embeddable":true,"href":"https:\/\/www.angerinitiative.de\/index.php?rest_route=\/wp\/v2\/pages\/188"}],"wp:attachment":[{"href":"https:\/\/www.angerinitiative.de\/index.php?rest_route=%2Fwp%2Fv2%2Fmedia&parent=66"}],"curies":[{"name":"wp","href":"https:\/\/api.w.org\/{rel}","templated":true}]}}