{"id":328,"date":"2015-04-22T22:03:07","date_gmt":"2015-04-22T20:03:07","guid":{"rendered":"http:\/\/www.angerinitiative.de\/?page_id=328"},"modified":"2023-03-08T13:03:40","modified_gmt":"2023-03-08T12:03:40","slug":"ziele-und-idee","status":"publish","type":"page","link":"https:\/\/www.angerinitiative.de\/?page_id=328","title":{"rendered":"Die Idee von HIPPY"},"content":{"rendered":"<h2><span style=\"color: #008000;\">Wie entstand das HIPPY-Programm?<\/span><\/h2>\n<p>Hippy wurde in den sp\u00e4ten 1960 Jahren von der israelischen Professorin <strong>Awima D. Lombard<\/strong> entwickelt. Im Zuge der Head Start &#8211; Bewegung in den USA belegten Forschungsergebnisse, dass die Bildung von Kindern bereits vor dem Schuleintritt wichtig sei. Dabei spielten die h\u00e4uslichen Bedingungen eine tragende Rolle im Bezug darauf, wie gut Kinder auf die Anforderungen des Schulsystems vorbereitet waren.<\/p>\n<p>Deshalb stellte sich Frau Lombard die entscheidende Frage: &#8222;Wie beeinflusst man das h\u00e4usliche Umfeld eines Kleinkindes dahingehend, dass seine Erfahrungen zuhause sich mehr im Einklang mit den Anforderungen beim Eintritt in die Schule befinden?&#8220;<\/p>\n<p>Dahinter stand die feste \u00dcberzeugung, dass die Familie die einflussreichste Bildungseinrichtung ist, die es gibt. Um mit den Familien zu arbeiten, wurde die Idee, sogenannte Paraprofessionals, ausgebildete Laien, einzusetzen, von den USA \u00fcbernommen. Ein \u00e4hnlicher Erfahrungshintergrund bzw. die Zugeh\u00f6rigkeit zum gleichen Kulturkreis wie die Teilnehmer:innen, erm\u00f6glichte ihnen einen leichten Zugang zu den Familien. Bei der Ausbildung der Paraprofessionals wurde ein System verwendet, das den Lernstoff gleichzeitig praktizierte und lehrte, n\u00e4mlich das <strong>Rollenspiel<\/strong>. Diese Methode in Verbindung mit einem klar konzipierten Lehrplan f\u00fcr Eltern und Betreuende stellte den Anfang des HIPPY-Programms dar und hat bis heute G\u00fcltigkeit.<\/p>\n<p>Das HIPPY-Material wird als Antwort auf die gesellschaftlichen Herausforderungen unserer Zeit stetig erg\u00e4nzt bzw. \u00fcberarbeitet. Die bew\u00e4hrten Methoden bleiben dabei erhalten!<\/p>\n","protected":false},"excerpt":{"rendered":"<p>Wie entstand das HIPPY-Programm? Hippy wurde in den sp\u00e4ten 1960 Jahren von der israelischen Professorin Awima D. Lombard entwickelt. Im Zuge der Head Start &#8211; Bewegung in den USA belegten Forschungsergebnisse, dass die Bildung von Kindern bereits vor dem Schuleintritt wichtig sei. Dabei spielten die h\u00e4uslichen Bedingungen eine tragende Rolle im Bezug darauf, wie gut [&hellip;]<\/p>\n","protected":false},"author":1,"featured_media":0,"parent":192,"menu_order":2,"comment_status":"open","ping_status":"open","template":"","meta":{"footnotes":""},"class_list":["post-328","page","type-page","status-publish","czr-hentry"],"_links":{"self":[{"href":"https:\/\/www.angerinitiative.de\/index.php?rest_route=\/wp\/v2\/pages\/328","targetHints":{"allow":["GET"]}}],"collection":[{"href":"https:\/\/www.angerinitiative.de\/index.php?rest_route=\/wp\/v2\/pages"}],"about":[{"href":"https:\/\/www.angerinitiative.de\/index.php?rest_route=\/wp\/v2\/types\/page"}],"author":[{"embeddable":true,"href":"https:\/\/www.angerinitiative.de\/index.php?rest_route=\/wp\/v2\/users\/1"}],"replies":[{"embeddable":true,"href":"https:\/\/www.angerinitiative.de\/index.php?rest_route=%2Fwp%2Fv2%2Fcomments&post=328"}],"version-history":[{"count":13,"href":"https:\/\/www.angerinitiative.de\/index.php?rest_route=\/wp\/v2\/pages\/328\/revisions"}],"predecessor-version":[{"id":3142,"href":"https:\/\/www.angerinitiative.de\/index.php?rest_route=\/wp\/v2\/pages\/328\/revisions\/3142"}],"up":[{"embeddable":true,"href":"https:\/\/www.angerinitiative.de\/index.php?rest_route=\/wp\/v2\/pages\/192"}],"wp:attachment":[{"href":"https:\/\/www.angerinitiative.de\/index.php?rest_route=%2Fwp%2Fv2%2Fmedia&parent=328"}],"curies":[{"name":"wp","href":"https:\/\/api.w.org\/{rel}","templated":true}]}}