{"id":255,"date":"2015-02-18T11:21:38","date_gmt":"2015-02-18T09:21:38","guid":{"rendered":"http:\/\/www.angerinitiative.de\/?page_id=255"},"modified":"2022-03-23T13:44:45","modified_gmt":"2022-03-23T12:44:45","slug":"kontakt","status":"publish","type":"page","link":"https:\/\/www.angerinitiative.de\/?page_id=255","title":{"rendered":"Kontakt und Anmeldung"},"content":{"rendered":"<p><strong><span style=\"color: #008000;\">HIPPY Erlangen<\/span><\/strong><\/p>\n<p>Angerinitiative e.V.<\/p>\n<p>Michael-Vogel-Stra\u00dfe 63<\/p>\n<p>91052 Erlangen<\/p>\n<p>Koordination: Andrea Wendel-D\u00fctsch<\/p>\n<p>Telefon: 09131-160479<\/p>\n<p>Email:&nbsp; &nbsp;hippy@angerinitiative.de<\/p>\n<p>&nbsp;<\/p>\n<p>Falls Sie Interesse haben am HIPPY-Programm teilzunehmen, bitte melden Sie sich m\u00f6glichst Anfang des Jahres, bevor Ihr Kind vier Jahre alt wird. Pl\u00e4tze k\u00f6nnen allerdings nur nach Platzkapazit\u00e4t vergeben werden. Auch wenn Ihr Kind schon f\u00fcnf Jahre alt ist, bitte fragen Sie bei uns nach!<\/p>\n<p>&nbsp;<\/p>\n<p>&nbsp;<\/p>\n<p>&nbsp;<\/p>\n","protected":false},"excerpt":{"rendered":"<p>HIPPY Erlangen Angerinitiative e.V. Michael-Vogel-Stra\u00dfe 63 91052 Erlangen Koordination: Andrea Wendel-D\u00fctsch Telefon: 09131-160479 Email:&nbsp; &nbsp;hippy@angerinitiative.de &nbsp; Falls Sie Interesse haben am HIPPY-Programm teilzunehmen, bitte melden Sie sich m\u00f6glichst Anfang des Jahres, bevor Ihr Kind vier Jahre alt wird. Pl\u00e4tze k\u00f6nnen allerdings nur nach Platzkapazit\u00e4t vergeben werden. Auch wenn Ihr Kind schon f\u00fcnf Jahre alt ist, [&hellip;]<\/p>\n","protected":false},"author":1,"featured_media":0,"parent":192,"menu_order":5,"comment_status":"open","ping_status":"open","template":"","meta":{"footnotes":""},"class_list":["post-255","page","type-page","status-publish","czr-hentry"],"_links":{"self":[{"href":"https:\/\/www.angerinitiative.de\/index.php?rest_route=\/wp\/v2\/pages\/255","targetHints":{"allow":["GET"]}}],"collection":[{"href":"https:\/\/www.angerinitiative.de\/index.php?rest_route=\/wp\/v2\/pages"}],"about":[{"href":"https:\/\/www.angerinitiative.de\/index.php?rest_route=\/wp\/v2\/types\/page"}],"author":[{"embeddable":true,"href":"https:\/\/www.angerinitiative.de\/index.php?rest_route=\/wp\/v2\/users\/1"}],"replies":[{"embeddable":true,"href":"https:\/\/www.angerinitiative.de\/index.php?rest_route=%2Fwp%2Fv2%2Fcomments&post=255"}],"version-history":[{"count":5,"href":"https:\/\/www.angerinitiative.de\/index.php?rest_route=\/wp\/v2\/pages\/255\/revisions"}],"predecessor-version":[{"id":2501,"href":"https:\/\/www.angerinitiative.de\/index.php?rest_route=\/wp\/v2\/pages\/255\/revisions\/2501"}],"up":[{"embeddable":true,"href":"https:\/\/www.angerinitiative.de\/index.php?rest_route=\/wp\/v2\/pages\/192"}],"wp:attachment":[{"href":"https:\/\/www.angerinitiative.de\/index.php?rest_route=%2Fwp%2Fv2%2Fmedia&parent=255"}],"curies":[{"name":"wp","href":"https:\/\/api.w.org\/{rel}","templated":true}]}}