{"id":146,"date":"2015-01-08T15:26:19","date_gmt":"2015-01-08T13:26:19","guid":{"rendered":"http:\/\/www.angerinitiative.de\/?page_id=146"},"modified":"2016-11-02T12:39:03","modified_gmt":"2016-11-02T10:39:03","slug":"angerinitiative-e-v","status":"publish","type":"page","link":"https:\/\/www.angerinitiative.de\/?page_id=146","title":{"rendered":"Angerinitiative e.V."},"content":{"rendered":"<p><span style=\"color: #333300;\"><strong>Die Angerinitiative e.V<\/strong>. ist seit <strong>1979\u00a0<\/strong>als freier Tr\u00e4ger in der Kinder- und Jugendarbeit im Erlanger Stadtteil Anger aktiv. <\/span>Der Dachverband unserer Einrichtung ist der Parit\u00e4tische Wohlfahrtsverband.<\/p>\n<p><span style=\"color: #333300;\">Angetreten ist die Initiative, die sich damals noch vorwiegend aus engagierten Studenten zusammensetzte, mit dem Ziel, die Lebenssituation der ausl\u00e4ndischen und deutschen Kinder im Stadtteil Anger zu verbessern und das Zusammenleben der verschiedenen Kulturen zu f\u00f6rdern.<\/span><\/p>\n<p style=\"text-align: center;\"><span style=\"color: #333300;\">Das Ziel ist das gleiche geblieben, auch wenn sich inzwischen vieles ver\u00e4ndert hat:<\/span><\/p>\n<p style=\"text-align: center;\"><span style=\"color: #333300;\">Planung, Gestaltung und die Arbeit mit den Kindern haben heute eine professionelle Basis.<\/span><\/p>\n<p style=\"text-align: center;\"><span style=\"color: #333300;\">.<\/span><\/p>\n<p style=\"text-align: left;\"><span style=\"color: #333300;\">Mit dem Umzug aus den ersten R\u00e4umen in der Johann-J\u00fcrgen-Stra\u00dfen in die Michael-Vogel-Str. 63, gibt es nicht nur mehr Raum, <\/span><\/p>\n<p style=\"text-align: left;\"><span style=\"color: #333300;\">sondern vor allem auch das gro\u00dfe Gel\u00e4nde f\u00fcr den <strong>Abenteuerspielplatz<\/strong> mit all seinen M\u00f6glichkeiten.<\/span><\/p>\n<p style=\"text-align: left;\"><span style=\"color: #333300;\">Aus der Hausaufgabenbetreuung entwickelte sich ein <strong>anerkannter Hort<\/strong> mit einem integrativen Ansatz.<\/span><\/p>\n<p style=\"text-align: left;\"><span style=\"color: #333300;\">Die F\u00f6rderung der Vorschulkinder wurde mit der Initiierung des <strong>HIPPY Programms<\/strong> auf eine breitere Basis gestellt.<\/span><\/p>\n","protected":false},"excerpt":{"rendered":"<p>Die Angerinitiative e.V. ist seit 1979\u00a0als freier Tr\u00e4ger in der Kinder- und Jugendarbeit im Erlanger Stadtteil Anger aktiv. Der Dachverband unserer Einrichtung ist der Parit\u00e4tische Wohlfahrtsverband. Angetreten ist die Initiative, die sich damals noch vorwiegend aus engagierten Studenten zusammensetzte, mit dem Ziel, die Lebenssituation der ausl\u00e4ndischen und deutschen Kinder im Stadtteil Anger zu verbessern und [&hellip;]<\/p>\n","protected":false},"author":1,"featured_media":0,"parent":0,"menu_order":3,"comment_status":"open","ping_status":"closed","template":"","meta":{"footnotes":""},"class_list":["post-146","page","type-page","status-publish","czr-hentry"],"_links":{"self":[{"href":"https:\/\/www.angerinitiative.de\/index.php?rest_route=\/wp\/v2\/pages\/146","targetHints":{"allow":["GET"]}}],"collection":[{"href":"https:\/\/www.angerinitiative.de\/index.php?rest_route=\/wp\/v2\/pages"}],"about":[{"href":"https:\/\/www.angerinitiative.de\/index.php?rest_route=\/wp\/v2\/types\/page"}],"author":[{"embeddable":true,"href":"https:\/\/www.angerinitiative.de\/index.php?rest_route=\/wp\/v2\/users\/1"}],"replies":[{"embeddable":true,"href":"https:\/\/www.angerinitiative.de\/index.php?rest_route=%2Fwp%2Fv2%2Fcomments&post=146"}],"version-history":[{"count":5,"href":"https:\/\/www.angerinitiative.de\/index.php?rest_route=\/wp\/v2\/pages\/146\/revisions"}],"predecessor-version":[{"id":1289,"href":"https:\/\/www.angerinitiative.de\/index.php?rest_route=\/wp\/v2\/pages\/146\/revisions\/1289"}],"wp:attachment":[{"href":"https:\/\/www.angerinitiative.de\/index.php?rest_route=%2Fwp%2Fv2%2Fmedia&parent=146"}],"curies":[{"name":"wp","href":"https:\/\/api.w.org\/{rel}","templated":true}]}}