{"id":1053,"date":"2016-01-25T12:02:07","date_gmt":"2016-01-25T10:02:07","guid":{"rendered":"http:\/\/www.angerinitiative.de\/?page_id=1053"},"modified":"2024-05-15T14:54:13","modified_gmt":"2024-05-15T13:54:13","slug":"die-tiere","status":"publish","type":"page","link":"https:\/\/www.angerinitiative.de\/?page_id=1053","title":{"rendered":"Die Tiere"},"content":{"rendered":"<p>Auf unserem Aben<a href=\"http:\/\/www.angerinitiative.de\/wp-content\/uploads\/2014\/12\/IMG_3661.jpg\" rel=\"attachment wp-att-654\"><img loading=\"lazy\" decoding=\"async\" class=\" wp-image-654 alignleft\" src=\"http:\/\/www.angerinitiative.de\/wp-content\/uploads\/2014\/12\/IMG_3661-169x300.jpg\" alt=\"IMG_3661\" width=\"188\" height=\"334\" srcset=\"https:\/\/www.angerinitiative.de\/wp-content\/uploads\/2014\/12\/IMG_3661-169x300.jpg 169w, https:\/\/www.angerinitiative.de\/wp-content\/uploads\/2014\/12\/IMG_3661-768x1365.jpg 768w, https:\/\/www.angerinitiative.de\/wp-content\/uploads\/2014\/12\/IMG_3661-576x1024.jpg 576w, https:\/\/www.angerinitiative.de\/wp-content\/uploads\/2014\/12\/IMG_3661.jpg 1944w\" sizes=\"auto, (max-width: 188px) 100vw, 188px\" \/><\/a>teuerspielplatz leben:<\/p>\n<ul>\n<li><span style=\"color: #008000;\">H\u00fchner und ein Hahn<\/span><\/li>\n<li><span style=\"color: #008000;\">Katzen<\/span><\/li>\n<li><span style=\"color: #008000;\">Hasen<\/span><\/li>\n<li><span style=\"color: #008000;\">Eine Schildkr\u00f6te<\/span><\/li>\n<\/ul>\n<p style=\"padding-left: 60px;\">Das Einf\u00fchlungsverm\u00f6gen in Tiere und Naturzusammenh\u00e4nge ist ein wesentlicher Baustein in der kindlichen Entwicklung. Der Zugang zu Tieren erm\u00f6glicht einen verantwortlichen Umgang, st\u00e4rkt das Selbstbewusstsein und mobilisiert zum gemeinsamen Handeln. Tiere bereichern den Alltag von Kinder und Jugendlichen, sie wecken Empathie, entspannen bei Stress, fordern zu gemeinsamen Abenteuern auf, entwickeln emotionale Intelligenz und soziale Kompetenz.<\/p>\n<p>&nbsp;<\/p>\n<p><a href=\"http:\/\/www.angerinitiative.de\/wp-content\/uploads\/2014\/12\/IMG_3308.jpg\" rel=\"attachment wp-att-653\"><img loading=\"lazy\" decoding=\"async\" class=\"wp-image-653 aligncenter\" src=\"http:\/\/www.angerinitiative.de\/wp-content\/uploads\/2014\/12\/IMG_3308-300x169.jpg\" alt=\"IMG_3308\" width=\"625\" height=\"352\" srcset=\"https:\/\/www.angerinitiative.de\/wp-content\/uploads\/2014\/12\/IMG_3308-300x169.jpg 300w, https:\/\/www.angerinitiative.de\/wp-content\/uploads\/2014\/12\/IMG_3308-768x432.jpg 768w, https:\/\/www.angerinitiative.de\/wp-content\/uploads\/2014\/12\/IMG_3308-1110x624.jpg 1110w, https:\/\/www.angerinitiative.de\/wp-content\/uploads\/2014\/12\/IMG_3308-528x297.jpg 528w, https:\/\/www.angerinitiative.de\/wp-content\/uploads\/2014\/12\/IMG_3308-1024x576.jpg 1024w\" sizes=\"auto, (max-width: 625px) 100vw, 625px\" \/><\/a><\/p>\n","protected":false},"excerpt":{"rendered":"<p>Auf unserem Abenteuerspielplatz leben: H\u00fchner und ein Hahn Katzen Hasen Eine Schildkr\u00f6te Das Einf\u00fchlungsverm\u00f6gen in Tiere und Naturzusammenh\u00e4nge ist ein wesentlicher Baustein in der kindlichen Entwicklung. Der Zugang zu Tieren erm\u00f6glicht einen verantwortlichen Umgang, st\u00e4rkt das Selbstbewusstsein und mobilisiert zum gemeinsamen Handeln. Tiere bereichern den Alltag von Kinder und Jugendlichen, sie wecken Empathie, entspannen bei [&hellip;]<\/p>\n","protected":false},"author":1,"featured_media":0,"parent":1048,"menu_order":0,"comment_status":"closed","ping_status":"closed","template":"","meta":{"footnotes":""},"class_list":["post-1053","page","type-page","status-publish","czr-hentry"],"_links":{"self":[{"href":"https:\/\/www.angerinitiative.de\/index.php?rest_route=\/wp\/v2\/pages\/1053","targetHints":{"allow":["GET"]}}],"collection":[{"href":"https:\/\/www.angerinitiative.de\/index.php?rest_route=\/wp\/v2\/pages"}],"about":[{"href":"https:\/\/www.angerinitiative.de\/index.php?rest_route=\/wp\/v2\/types\/page"}],"author":[{"embeddable":true,"href":"https:\/\/www.angerinitiative.de\/index.php?rest_route=\/wp\/v2\/users\/1"}],"replies":[{"embeddable":true,"href":"https:\/\/www.angerinitiative.de\/index.php?rest_route=%2Fwp%2Fv2%2Fcomments&post=1053"}],"version-history":[{"count":4,"href":"https:\/\/www.angerinitiative.de\/index.php?rest_route=\/wp\/v2\/pages\/1053\/revisions"}],"predecessor-version":[{"id":1642,"href":"https:\/\/www.angerinitiative.de\/index.php?rest_route=\/wp\/v2\/pages\/1053\/revisions\/1642"}],"up":[{"embeddable":true,"href":"https:\/\/www.angerinitiative.de\/index.php?rest_route=\/wp\/v2\/pages\/1048"}],"wp:attachment":[{"href":"https:\/\/www.angerinitiative.de\/index.php?rest_route=%2Fwp%2Fv2%2Fmedia&parent=1053"}],"curies":[{"name":"wp","href":"https:\/\/api.w.org\/{rel}","templated":true}]}}